factors of b.
2, 7
Let k = 8 + -1. Suppose -3*y - 3*v = -k*y + 200, 0 = 3*y - 3*v - 147. What are the prime factors of y?
53
Let p(d) = 3*d**2 - 58*d**3 + 2*d + d**2 + 0*d - 1 + 0*d**2. What are the prime factors of p(-1)?
59
Let n(w) = 5*w**2 - 4*w + 202. What are the prime factors of n(12)?
2, 19, 23
Let n(a) = -3*a**2 - 1 + 36*a**3 - 35*a**3 - 2*a - 8. What are the prime factors of n(5)?
31
Let d(g) = 3*g**3 - 14*g**2 - g + 6. Let l = 5 - 0. List the prime factors of d(l).
2, 13
Let y(j) = -j**3 - j**2 + 16. Let l be y(0). Suppose -2*g + 115 = 4*k + 15, 4*k = l. What are the prime factors of g?
2, 3, 7
Let x(s) be the second derivative of s**4/4 + 7*s**3/6 + s**2 + 2*s. Let p be x(5). Suppose -11*c + 13*c - p = 0. List the prime factors of c.
2, 7
Let t be 4688/20 + (-8)/20. Let s = t + -9. Suppose -4*j + s = j. What are the prime factors of j?
3, 5
Suppose -3*v + 117 = 3*f, -5*f - 116 = -2*v - 10. What are the prime factors of v?
43
Let n be 7/(-14) + (-118)/(-4). Let q = -11 - n. List the prime factors of 246/8 + 30/q.
2, 3, 5
Let g = -5417 - -8141. What are the prime factors of g?
2, 3, 227
Let a be -231*(1 + (-5)/3). Let m = a + -88. List the prime factors of m.
2, 3, 11
Let h be 6/(-2)*1/(-1). Suppose -h*o - k = -181, -3*k = 2*o - k - 114. What are the prime factors of o?
2, 31
Let i be ((-15)/20)/(1/(-4)). Suppose 34 = -i*a + 97. Suppose -4*b = -a - 43. What are the prime factors of b?
2
Let m = -400 - -1820. List the prime factors of m.
2, 5, 71
Let i(u) = -5*u**3 + 2*u**2 - 3*u - 3. Suppose 4*w - 3*a - 3 = 0, 31 = -2*w - 0*a - 5*a. What are the prime factors of i(w)?
3, 53
Suppose -15*u = -2*u - 6344. What are the prime factors of u?
2, 61
Let q(c) = c**3 - 44*c**2 + 48*c - 118. List the prime factors of q(44).
2, 997
Let o = 459 + -341. List the prime factors of o.
2, 59
Let w = -91 + 184. Suppose w + 6 = 3*c. Let a = 65 - c. List the prime factors of a.
2
Let t = 54 + -48. Suppose -t*v + 74 = -5*v. List the prime factors of v.
2, 37
Suppose 2*g - 5*s + 27 = 0, -5*g = -s - 3*s + 76. Let o = g + 8. Let f = o - -12. What are the prime factors of f?
2
Let c = -1059 + 2043. What are the prime factors of c?
2, 3, 41
Suppose 0 = -l - 2*u - 5, 3*u - 7 = -l + 7*u. List the prime factors of (15/2 - l)/(4/16).
2, 17
Let i = -1722 + 2549. What are the prime factors of i?
827
Let r be (-110)/(-70) + 8/(-14). Suppose 5*t - 33 = -o, -t - r = 5*o - 262. List the prime factors of o.
53
Let i(m) be the third derivative of m**4/3 - m**3/6 - 9*m**2. List the prime factors of i(1).
7
Suppose l + 83 = 2*l. Let x = -138 + l. Let z = -29 - x. List the prime factors of z.
2, 13
Let o(y) = -y**2 - 12*y + 17. Let u be -11 - 2/((-6)/3). Let t be (24/u)/((-11)/(-55)). List the prime factors of o(t).
17
List the prime factors of 6*35/60*332/7.
2, 83
Let z(q) = 2*q + 12. Let u be z(-5). Suppose -5*i - u*l = -0*l - 15, 15 = 5*i - 4*l. List the prime factors of i.
3
Suppose -4*t = -3*s + 11, 0 + 6 = -3*t + 3*s. Let q(g) = -15*g - 5. Let a(d) = -2*d - 2. Let j(l) = -4*a(l) + q(l). What are the prime factors of j(t)?
2, 19
Let a(q) = 2*q**2 + 48. Let m(k) = -k**2 - 24. Let g(j) = 4*a(j) + 7*m(j). Let y be 0*1/(-2)*2. What are the prime factors of g(y)?
2, 3
Suppose 5*b - 15 = -0*b. Suppose -15*g + 216 = -b*g. List the prime factors of g.
2, 3
List the prime factors of (-351)/(-36)*12 + -1.
2, 29
Let z(y) = -y**2 - 20*y + 2. Let l be z(-20). What are the prime factors of 187/7 + l/7?
3
Let t = 30 + -14. Let f = 23 - t. Suppose -4*l + 9 + f = 0. What are the prime factors of l?
2
Let m be 4/(-3)*9/2. Let p(o) = -o**3 + 2*o**2 + 5*o. Let d(a) = a**3 - 2*a**2 - 5*a - 1. Let g(y) = m*p(y) - 5*d(y). What are the prime factors of g(4)?
17
Let c be (8 + -4)/(1*2). Suppose 0 = c*l + 10 - 2. List the prime factors of (8/6)/(l/(-12)).
2
Let r be (4/6)/((-8)/(-96)). Let q = 9 + r. What are the prime factors of q?
17
Suppose -3*l - 22 = -5*n, -5*n + 33 = -l + 9. Suppose -3*s - 4*k + 10 = 0, -2*k = 3 + l. List the prime factors of 9 - (s/(-3))/(-1).
7
Let h(n) be the first derivative of n**4/4 + 2*n**3 + n**2 - 9*n + 9. Let z be h(-5). Suppose -2*s + z = -56. What are the prime factors of s?
31
Let v = 1596 - 717. List the prime factors of v.
3, 293
Suppose 48 = -2*y + 3*k + 235, -15 = -5*k. List the prime factors of y.
2, 7
Let h be ((-10)/3)/(6/(-9)). Suppose -3 = -4*g + h, j - 4*g = -5. Suppose 124 = j*a - a. List the prime factors of a.
2, 31
Suppose 0 = -9*n - 848 + 4979. List the prime factors of n.
3, 17
Let s = -11 - -13. Suppose s*m + 3*m - 20 = 0. Suppose -l + m*w = -5, 4 = 3*l - 2*w - 41. List the prime factors of l.
17
Suppose 2*h = 5*y + 20, 4*y = -3*h - 13 - 3. Suppose h = -3*c - 2*c + 465. Suppose 2*f + 7 - c = 0. What are the prime factors of f?
43
Suppose 31 = 3*z - 23. Suppose -9 = -o - z. What are the prime factors of (-1 + -2)/(o/171)?
3, 19
Let y = 22 + -114. Let h = y + 179. What are the prime factors of h?
3, 29
Suppose 5*d = 27 - 2. Suppose -11 = -d*p + 9. Suppose -p - 7 = -z - 3*a, -5 = -5*a. What are the prime factors of z?
2
Let c(q) = q**3 - 3*q**2 - 4*q + 2. Let t be c(4). Suppose 52 = t*z - z + 5*a, 0 = 3*z + 3*a - 96. What are the prime factors of z?
3
Suppose 10*i = 6*i + 20. Suppose i*b + 22 = 467. What are the prime factors of b?
89
Let g = 10 + -7. Let a = 55 + g. What are the prime factors of a?
2, 29
Let l = 28 - 131. Let f = l + 175. List the prime factors of f.
2, 3
Let t = 1 + 4. Suppose -4*d = -o + 54, -93 = -2*o + t*d - 0*d. Suppose 2*a + 0*a = 2*p + 54, 2*a - o = -2*p. List the prime factors of a.
2, 11
Let w be (236/(-6))/((-10)/15). Let t = -38 + w. What are the prime factors of t?
3, 7
Suppose 2*i + 2*i - 4*w = 2608, 5*i - 3267 = -2*w. What are the prime factors of i?
653
Let z(h) = -h**3 + 18*h**2 + 5*h - 24. List the prime factors of z(14).
2, 5, 83
Suppose 41 = -f - 5*t, -t - 179 = f + 2*f. Let y = 66 + f. List the prime factors of y.
5
Let h = 758 + 936. List the prime factors of h.
2, 7, 11
List the prime factors of 3/(1 - (-19822)/(-19833)).
3, 601
Let h be 3/12 + 15/4. Suppose -2*p - 14 = -4*x, -2*x - 4*p = 9 - 1. Suppose -5*m + 130 = -3*d + d, -x*d + 104 = h*m. What are the prime factors of m?
2, 13
Suppose -174 = -2*d + 4*d. Let o be (d/9)/((-1)/15). Suppose 119 = 4*h + 3*z, 5*h - o = -5*z + 2*z. List the prime factors of h.
2, 13
Let q = 50 + -32. Suppose q + 46 = -2*k. Let l = 55 + k. What are the prime factors of l?
23
Let q be 2 + (0/1 + 6)/1. Suppose -3*i + q = -697. What are the prime factors of i?
5, 47
Let p(j) = 204*j**3 + 12*j**2 + j - 4. What are the prime factors of p(2)?
2, 839
Let m(q) = -5*q - 10. Let v = -15 + 13. Let l be 3/(v - 100/(-56)). What are the prime factors of m(l)?
2, 3, 5
Let v = 1923 - 1371. List the prime factors of v.
2, 3, 23
Suppose 5 - 2 = y. Suppose y*o - 42 = -5*t, 4*o - 56 = -0*t - t. What are the prime factors of (11 - 4)/(2/o)?
7
Let g = -66 + 90. What are the prime factors of g?
2, 3
What are the prime factors of 659/1*(-72 - -75)?
3, 659
Suppose -5*a = -a - 12, 3*a = -3*x - 57. Let o = x - -37. What are the prime factors of o?
3, 5
Let h = -7315 + 10763. List the prime factors of h.
2, 431
Let j be ((-195)/26)/(2/(-92)). Suppose 0 = -3*g + 303 + j. List the prime factors of g.
2, 3
Suppose 9099 - 30869 = -10*w. What are the prime factors of w?
7, 311
Let h(l) = 8*l - 3. Let t be (-2)/(-11) - (-48)/(-22). Let d(r) = -16*r + 5. Let k(b) = t*d(b) - 5*h(b). List the prime factors of k(-6).
53
Let h(a) = -a**3 - 5*a**2 + 12*a - 10. Let m be h(-7). Suppose -6*s = m*s - 1430. What are the prime factors of s?
11, 13
Suppose -3*x - 45 = -3*t, -4*x + 5 - 41 = -2*t. Suppose 2*o + 5*u - t = 0, o - 5*u = -2*u - 5. What are the prime factors of (-2)/(o*6/(-81))?
3
Let v = -8 - -175. List the prime factors of v.
167
What are the prime factors of (-18945)/(-19) + -16 - 2/19?
3, 109
Let x be (-98)/6*(1 + 2). Let n = x - -33. Let h = n - -34. List the prime factors of h.
2, 3
Let u be (-4)/(-18)*-3*9. Suppose -4 = -2*t + 44. What are the prime factors of t/((-1)/u*4)?
2, 3
Let q(r) = -r + 5. Let a be q(13). Let u(j) = -j**3 - 8*j**2 + 2. Let x be u(a). Suppose -2*l + 0*l = -5*h + 6, -5*h + 34 = x*l. List the prime factors of l.
7
Suppose -2*r = 88 - 16. Let c(p) = 30*p + 2. Let g be c(-2). Let b 